{"id":783,"date":"2025-05-19T10:22:37","date_gmt":"2025-05-19T13:22:37","guid":{"rendered":"https:\/\/undef.edu.ar\/fortin\/?page_id=783"},"modified":"2025-05-19T10:22:37","modified_gmt":"2025-05-19T13:22:37","slug":"politica-de-privacidad","status":"publish","type":"page","link":"https:\/\/undef.edu.ar\/fortin\/index.php\/politica-de-privacidad\/","title":{"rendered":"Pol\u00edtica de privacidad"},"content":{"rendered":"<h2><img loading=\"lazy\" decoding=\"async\" class=\"alignnone  wp-image-785\" src=\"https:\/\/undef.edu.ar\/fortin\/wp-content\/uploads\/2025\/05\/EditedImage-497-300x218.jpg\" alt=\"\" width=\"1007\" height=\"732\" srcset=\"https:\/\/undef.edu.ar\/fortin\/wp-content\/uploads\/2025\/05\/EditedImage-497-300x218.jpg 300w, https:\/\/undef.edu.ar\/fortin\/wp-content\/uploads\/2025\/05\/EditedImage-497-1024x743.jpg 1024w, https:\/\/undef.edu.ar\/fortin\/wp-content\/uploads\/2025\/05\/EditedImage-497-768x557.jpg 768w, https:\/\/undef.edu.ar\/fortin\/wp-content\/uploads\/2025\/05\/EditedImage-497.jpg 1047w\" sizes=\"auto, (max-width: 1007px) 100vw, 1007px\" \/><\/h2>\n<h2>Pol\u00edtica de Privacidad<\/h2>\n<p>La presente Pol\u00edtica de Privacidad establece los t\u00e9rminos en que esta revista utiliza y protege la informaci\u00f3n que es proporcionada por sus usuarias y usuarios al utilizar su sitio web.<\/p>\n<h3>1. Responsable del tratamiento de los datos<\/h3>\n<p>La <strong>Revista Fort\u00edn<\/strong>, editada por la Universidad de la Defensa Nacional, es responsable del tratamiento de los datos personales recabados a trav\u00e9s de este sitio, conforme a lo dispuesto por la Ley N.\u00ba 25.326 de Protecci\u00f3n de Datos Personales.<\/p>\n<p>Para contactarse con el equipo editorial: <a href=\"mailto:revista.fortin@undef.edu.ar\">revista.fortin@undef.edu.ar<\/a><\/p>\n<h3>2. Datos recolectados<\/h3>\n<p>Se podr\u00e1n recolectar los siguientes datos personales:<\/p>\n<ul>\n<li>Nombre y apellido<\/li>\n<li>Direcci\u00f3n de correo electr\u00f3nico<\/li>\n<li>Instituci\u00f3n de pertenencia (en el caso de autoras\/es o evaluadoras\/es)<\/li>\n<li>Otra informaci\u00f3n relevante para procesos editoriales, como declaraciones de originalidad o cesiones de derechos<\/li>\n<\/ul>\n<p>En caso de suscripci\u00f3n a boletines o formularios de contacto, se recopilar\u00e1 \u00fanicamente la informaci\u00f3n necesaria para esos fines espec\u00edficos.<\/p>\n<h3>3. Finalidad del uso de los datos<\/h3>\n<p>Los datos personales ser\u00e1n utilizados exclusivamente para:<\/p>\n<ul>\n<li>Contactar a las personas que env\u00eden consultas o propuestas a la revista<\/li>\n<li>Realizar comunicaciones vinculadas con la actividad editorial<\/li>\n<li>Gestionar suscripciones voluntarias a boletines informativos<\/li>\n<\/ul>\n<p>No se utilizar\u00e1n los datos con fines comerciales ni se compartir\u00e1n con terceros, salvo obligaci\u00f3n legal.<\/p>\n<h3>4. Seguridad<\/h3>\n<p>La Revista se compromete a garantizar la seguridad de los datos personales. Para evitar el acceso no autorizado o divulgaci\u00f3n indebida, se han establecido procedimientos f\u00edsicos, electr\u00f3nicos y administrativos adecuados para proteger la informaci\u00f3n que recopilamos en l\u00ednea.<\/p>\n<h3>5. Derechos de las personas usuarias<\/h3>\n<p>Las personas titulares de los datos tienen derecho a acceder, rectificar, actualizar y suprimir sus datos personales. Tambi\u00e9n pueden solicitar informaci\u00f3n sobre qui\u00e9nes tienen acceso a esos datos y con qu\u00e9 finalidad.<\/p>\n<p>Para ejercer estos derechos: <a href=\"mailto:revista.fortin@undef.edu.ar\">revista.fortin@undef.edu.ar<\/a><\/p>\n<p>De conformidad con la Disposici\u00f3n 10\/2008 de la Direcci\u00f3n Nacional de Protecci\u00f3n de Datos Personales, se informa que:<\/p>\n<blockquote><p>\u201cEl titular de los datos personales tiene la facultad de ejercer el derecho de acceso a los mismos en forma gratuita a intervalos no inferiores a seis meses, salvo que se acredite un inter\u00e9s leg\u00edtimo al efecto conforme lo establecido en el art\u00edculo 14, inciso 3 de la Ley N.\u00ba 25.326\u201d.<\/p><\/blockquote>\n<h3>6. Cambios en la pol\u00edtica<\/h3>\n<p>La Revista se reserva el derecho de modificar esta Pol\u00edtica de Privacidad en cualquier momento. Cualquier cambio ser\u00e1 publicado en esta misma p\u00e1gina.<\/p>\n<h3>7. Autoridad de aplicaci\u00f3n<\/h3>\n<p>La Agencia de Acceso a la Informaci\u00f3n P\u00fablica, \u00f3rgano de control de la Ley N.\u00ba 25.326, tiene la atribuci\u00f3n de atender las denuncias y reclamos que se interpongan en relaci\u00f3n al incumplimiento de las normas sobre protecci\u00f3n de datos personales.<\/p>\n<p><strong>Direcci\u00f3n:<\/strong> Av. Pte. Gral. Julio A. Roca 710, piso 3\u00b0, Ciudad Aut\u00f3noma de Buenos Aires<br \/><strong>Sitio web:<\/strong> <a href=\"https:\/\/www.argentina.gob.ar\/aaip\" target=\"_blank\" rel=\"noopener\">https:\/\/www.argentina.gob.ar\/aaip<\/a><\/p>\n","protected":false},"excerpt":{"rendered":"<p>Pol\u00edtica de Privacidad La presente Pol\u00edtica de Privacidad establece los t\u00e9rminos en que esta revista utiliza y protege la informaci\u00f3n que es proporcionada por sus usuarias y usuarios al utilizar su sitio web. 1. Responsable del tratamiento de los datos La Revista Fort\u00edn, editada por la Universidad de la Defensa Nacional, es responsable del tratamiento [&hellip;]<\/p>\n","protected":false},"author":2,"featured_media":0,"parent":0,"menu_order":0,"comment_status":"closed","ping_status":"closed","template":"","meta":{"footnotes":""},"class_list":["post-783","page","type-page","status-publish","hentry"],"_links":{"self":[{"href":"https:\/\/undef.edu.ar\/fortin\/index.php\/wp-json\/wp\/v2\/pages\/783","targetHints":{"allow":["GET"]}}],"collection":[{"href":"https:\/\/undef.edu.ar\/fortin\/index.php\/wp-json\/wp\/v2\/pages"}],"about":[{"href":"https:\/\/undef.edu.ar\/fortin\/index.php\/wp-json\/wp\/v2\/types\/page"}],"author":[{"embeddable":true,"href":"https:\/\/undef.edu.ar\/fortin\/index.php\/wp-json\/wp\/v2\/users\/2"}],"replies":[{"embeddable":true,"href":"https:\/\/undef.edu.ar\/fortin\/index.php\/wp-json\/wp\/v2\/comments?post=783"}],"version-history":[{"count":2,"href":"https:\/\/undef.edu.ar\/fortin\/index.php\/wp-json\/wp\/v2\/pages\/783\/revisions"}],"predecessor-version":[{"id":786,"href":"https:\/\/undef.edu.ar\/fortin\/index.php\/wp-json\/wp\/v2\/pages\/783\/revisions\/786"}],"wp:attachment":[{"href":"https:\/\/undef.edu.ar\/fortin\/index.php\/wp-json\/wp\/v2\/media?parent=783"}],"curies":[{"name":"wp","href":"https:\/\/api.w.org\/{rel}","templated":true}]}}